e remainder when 1252 is divided by 109?
53
What is the remainder when 5823 is divided by 2900?
23
Calculate the remainder when 4047 is divided by 961.
203
What is the remainder when 100006 is divided by 30?
16
What is the remainder when 38430 is divided by 8?
6
Calculate the remainder when 2429 is divided by 10.
9
Calculate the remainder when 56918 is divided by 179.
175
What is the remainder when 39415 is divided by 248?
231
What is the remainder when 1892 is divided by 12?
8
Calculate the remainder when 16330 is divided by 852.
142
Calculate the remainder when 147 is divided by 46.
9
What is the remainder when 8957 is divided by 8?
5
What is the remainder when 21601 is divided by 309?
280
What is the remainder when 4321 is divided by 1069?
45
Calculate the remainder when 1614 is divided by 759.
96
Calculate the remainder when 485 is divided by 52.
17
What is the remainder when 1407 is divided by 326?
103
Calculate the remainder when 116213 is divided by 3228.
5
Calculate the remainder when 137692 is divided by 331.
327
Calculate the remainder when 1771 is divided by 49.
7
Calculate the remainder when 149108 is divided by 13.
11
Calculate the remainder when 418270 is divided by 326.
12
Calculate the remainder when 1393 is divided by 115.
13
Calculate the remainder when 18001 is divided by 34.
15
What is the remainder when 7066 is divided by 70?
66
Calculate the remainder when 3881 is divided by 262.
213
Calculate the remainder when 62860 is divided by 11.
6
What is the remainder when 523790 is divided by 9?
8
Calculate the remainder when 2581 is divided by 518.
509
Calculate the remainder when 6057 is divided by 435.
402
What is the remainder when 1664151 is divided by 167?
163
Calculate the remainder when 21797 is divided by 39.
35
Calculate the remainder when 108308 is divided by 21661.
3
What is the remainder when 5101 is divided by 70?
61
Calculate the remainder when 282748 is divided by 39.
37
What is the remainder when 7605 is divided by 3569?
467
Calculate the remainder when 3351 is divided by 369.
30
Calculate the remainder when 40083 is divided by 63.
15
What is the remainder when 244961 is divided by 59?
52
What is the remainder when 183447 is divided by 61142?
21
What is the remainder when 28240 is divided by 1429?
1089
Calculate the remainder when 9061 is divided by 158.
55
Calculate the remainder when 57599 is divided by 758.
749
Calculate the remainder when 416324 is divided by 13.
12
What is the remainder when 187890 is divided by 62621?
27
Calculate the remainder when 69181 is divided by 515.
171
What is the remainder when 4017 is divided by 360?
57
What is the remainder when 4726279 is divided by 1192?
1191
What is the remainder when 4997 is divided by 1054?
781
Calculate the remainder when 215 is divided by 209.
6
What is the remainder when 97761 is divided by 121?
114
Calculate the remainder when 175975 is divided by 11.
8
Calculate the remainder when 10248 is divided by 868.
700
What is the remainder when 45443 is divided by 1900?
1743
What is the remainder when 12326 is divided by 6158?
10
Calculate the remainder when 144147 is divided by 75.
72
Calculate the remainder when 154881 is divided by 525.
6
Calculate the remainder when 399960 is divided by 132.
0
Calculate the remainder when 8799 is divided by 8763.
36
What is the remainder when 2497 is divided by 930?
637
Calculate the remainder when 303046 is divided by 391.
21
What is the remainder when 1689 is divided by 24?
9
What is the remainder when 37336 is divided by 18660?
16
Calculate the remainder when 15712 is divided by 7856.
0
What is the remainder when 345413 is divided by 115102?
107
Calculate the remainder when 348768 is divided by 26828.
4
Calculate the remainder when 2999 is divided by 20.
19
Calculate the remainder when 21075 is divided by 369.
42
What is the remainder when 19644 is divided by 1224?
60
What is the remainder when 13394 is divided by 169?
43
Calculate the remainder when 29189 is divided by 7270.
109
What is the remainder when 66538 is divided by 5118?
4
What is the remainder when 12183 is divided by 239?
233
What is the remainder when 5203 is divided by 456?
187
Calculate the remainder when 508796 is divided by 134.
132
What is the remainder when 1217 is divided by 309?
290
What is the remainder when 560085 is divided by 36?
33
Calculate the remainder when 104394 is divided by 51.
48
Calculate the remainder when 1449 is divided by 670.
109
What is the remainder when 1056409 is divided by 1490?
1489
Calculate the remainder when 2482 is divided by 17.
0
What is the remainder when 8433 is divided by 31?
1
What is the remainder when 83895 is divided by 1398?
15
What is the remainder when 12973 is divided by 12970?
3
What is the remainder when 1572671 is divided by 96?
95
Calculate the remainder when 8117 is divided by 288.
53
What is the remainder when 16513 is divided by 15?
13
What is the remainder when 386689 is divided by 186?
181
Calculate the remainder when 1186 is divided by 215.
111
What is the remainder when 444 is divided by 28?
24
What is the remainder when 4409 is divided by 165?
119
Calculate the remainder when 728 is divided by 70.
28
Calculate the remainder when 1653 is divided by 830.
823
What is the remainder when 1094142 is divided by 195?
192
Calculate the remainder when 20139 is divided by 16.
11
Calculate the remainder when 13041 is divided by 4332.
45
What is the remainder when 6108 is divided by 244?
8
Calculate the remainder when 4775 is divided by 200.
175
What is the remainder when 10967 is divided by 347?
210
Calculate the remainder when 3711 is divided by 30.
21
Calculate the remainder when 2702 is divided by 556.
478
Calculate the remainder when 187712 is divided by 745.
717
Calculate the remainder when 1451 is divided by 125.
76
Calculate the remainder when 42261 is divided by 419.
361
What is the remainder when 1470 is divided by 13?
1
What is the remainder when 30615 is divided by 247?
234
What is the remainder when 20950 is divided by 42?
34
Calculate the remainder when 1648 is divided by 177.
55
What is the remainder when 44806 is divided by 24?
22
Calculate the remainder when 373892 is divided by 124608.
68
What is the remainder when 25420 is divided by 310?
0
Calculate the remainder when 2125781 is divided by 8.
5
Calculate the remainder when 4800 is divided by 92.
16
What is the remainder when 7643 is divided by 639?
614
Calculate the remainder when 704 is divided by 118.
114
Calculate the remainder when 226698 is divided by 407.
406
What is the remainder when 404 is divided by 125?
29
What is the remainder when 13674 is divided by 90?
84
What is the remainder when 1775001 is divided by 204?
201
What is the remainder when 58733 is divided by 85?
83
Calculate the remainder when 30756 is divided by 7657.
128
What is the remainder when 13835 is divided by 4474?
413
Calculate the remainder when 75052 is divided by 25013.
13
Calculate the remainder when 1066508 is divided by 533253.
2
What is the remainder when 8950 is divided by 816?
790
Calculate the remainder when 82579 is divided by 199.
193
What is the remainder when 767 is divided by 689?
78
Calculate the remainder when 31116 is divided by 264.
228
Calculate the remainder when 425064 is divided by 425023.
41
Calculate the remainder when 3994 is divided by 648.
106
Calculate the remainder when 12306 is divided by 17.
15
What is the remainder when 8371 is divided by 63?
55
What is the remainder when 196786 is divided by 65593?
7
Calculate the remainder when 70747 is divided by 23577.
16
What is the remainder when 257709 is divided by 4?
1
What is the remainder when 6512 is divided by 1460?
672
What is the remainder when 9299 is divided by 4628?
43
Calculate the remainder when 1503 is divided by 2.
1
Calculate the remainder when 38372 is divided by 18.
14
Calculate the remainder when 167923 is divided by 55965.
28
What is the remainder when 11451 is divided by 2837?
103
Calculate the remainder when 939 is divided by 132.
15
What is the remainder when 363550 is divided by 14?
12
Calculate the remainder when 1152648 is divided by 1152645.
3
Calculate the remainder when 37317 is divided by 102.
87
Calculate the remainder when 3209 is divided by 730.
289
Calc